{"id":311,"date":"2021-07-15T09:44:15","date_gmt":"2021-07-15T07:44:15","guid":{"rendered":"http:\/\/btztebl.cluster030.hosting.ovh.net\/?page_id=311"},"modified":"2023-06-01T12:09:01","modified_gmt":"2023-06-01T10:09:01","slug":"latelier-ovin-viande","status":"publish","type":"page","link":"https:\/\/lyceerochefortmontagne.fr\/?page_id=311","title":{"rendered":"L&rsquo;atelier ovin viande"},"content":{"rendered":"\n<p>L&rsquo;exploitation du lyc\u00e9e agricole de Rochefort-Montagne poss\u00e8de 250 brebis de race Rava (race locale du massif central).  Elle commercialise les agneaux en bio. <\/p>\n\n\n\n<p>Cet atelier joue un r\u00f4le \u00e9cologique essentiel. En effet, depuis maintenant 6 ans, gr\u00e2ce au partenariat avec le Parc Naturel R\u00e9gional des Volcans d&rsquo;Auvergne, nos brebis p\u00e2turent les volcans de la cha\u00eene des Puys. Le but ? Ouvrir les milieux, entretenir les espaces mais aussi pr\u00e9parer le terrain pour d&rsquo;autres agriculteurs qui voudraient y p\u00e2turer. <\/p>\n\n\n\n<figure class=\"wp-block-image size-large\"><img loading=\"lazy\" decoding=\"async\" width=\"1024\" height=\"576\" src=\"https:\/\/lyceerochefortmontagne.fr\/wp-content\/uploads\/2022\/08\/brebis-1024x576.jpg\" alt=\"\" class=\"wp-image-443\" srcset=\"https:\/\/lyceerochefortmontagne.fr\/wp-content\/uploads\/2022\/08\/brebis-1024x576.jpg 1024w, https:\/\/lyceerochefortmontagne.fr\/wp-content\/uploads\/2022\/08\/brebis-300x169.jpg 300w, https:\/\/lyceerochefortmontagne.fr\/wp-content\/uploads\/2022\/08\/brebis-768x432.jpg 768w, https:\/\/lyceerochefortmontagne.fr\/wp-content\/uploads\/2022\/08\/brebis-1536x864.jpg 1536w, https:\/\/lyceerochefortmontagne.fr\/wp-content\/uploads\/2022\/08\/brebis.jpg 1920w\" sizes=\"auto, (max-width: 767px) 89vw, (max-width: 1000px) 54vw, (max-width: 1071px) 543px, 580px\" \/><\/figure>\n\n\n\n<figure class=\"wp-block-image size-large\"><img loading=\"lazy\" decoding=\"async\" width=\"1024\" height=\"683\" src=\"https:\/\/lyceerochefortmontagne.fr\/wp-content\/uploads\/2023\/06\/2021-03-18-Identite-Biodiv-Expe-02-l-1024x683.jpg\" alt=\"\" class=\"wp-image-557\" srcset=\"https:\/\/lyceerochefortmontagne.fr\/wp-content\/uploads\/2023\/06\/2021-03-18-Identite-Biodiv-Expe-02-l-1024x683.jpg 1024w, https:\/\/lyceerochefortmontagne.fr\/wp-content\/uploads\/2023\/06\/2021-03-18-Identite-Biodiv-Expe-02-l-300x200.jpg 300w, https:\/\/lyceerochefortmontagne.fr\/wp-content\/uploads\/2023\/06\/2021-03-18-Identite-Biodiv-Expe-02-l-768x512.jpg 768w, https:\/\/lyceerochefortmontagne.fr\/wp-content\/uploads\/2023\/06\/2021-03-18-Identite-Biodiv-Expe-02-l-1536x1024.jpg 1536w, https:\/\/lyceerochefortmontagne.fr\/wp-content\/uploads\/2023\/06\/2021-03-18-Identite-Biodiv-Expe-02-l-2048x1365.jpg 2048w\" sizes=\"auto, (max-width: 767px) 89vw, (max-width: 1000px) 54vw, (max-width: 1071px) 543px, 580px\" \/><\/figure>\n","protected":false},"excerpt":{"rendered":"<p>L&rsquo;exploitation du lyc\u00e9e agricole de Rochefort-Montagne poss\u00e8de 250 brebis de race Rava (race locale du massif central). Elle commercialise les agneaux en bio. Cet atelier joue un r\u00f4le \u00e9cologique essentiel. En effet, depuis maintenant 6 ans, gr\u00e2ce au partenariat avec le Parc Naturel R\u00e9gional des Volcans d&rsquo;Auvergne, nos brebis p\u00e2turent les volcans de la cha\u00eene &hellip; <\/p>\n<p class=\"link-more\"><a href=\"https:\/\/lyceerochefortmontagne.fr\/?page_id=311\" class=\"more-link\">Continuer la lecture<span class=\"screen-reader-text\"> de &laquo;&nbsp;L&rsquo;atelier ovin viande&nbsp;&raquo;<\/span><\/a><\/p>\n","protected":false},"author":1,"featured_media":0,"parent":0,"menu_order":0,"comment_status":"closed","ping_status":"closed","template":"","meta":{"footnotes":""},"class_list":["post-311","page","type-page","status-publish","hentry"],"_links":{"self":[{"href":"https:\/\/lyceerochefortmontagne.fr\/index.php?rest_route=\/wp\/v2\/pages\/311","targetHints":{"allow":["GET"]}}],"collection":[{"href":"https:\/\/lyceerochefortmontagne.fr\/index.php?rest_route=\/wp\/v2\/pages"}],"about":[{"href":"https:\/\/lyceerochefortmontagne.fr\/index.php?rest_route=\/wp\/v2\/types\/page"}],"author":[{"embeddable":true,"href":"https:\/\/lyceerochefortmontagne.fr\/index.php?rest_route=\/wp\/v2\/users\/1"}],"replies":[{"embeddable":true,"href":"https:\/\/lyceerochefortmontagne.fr\/index.php?rest_route=%2Fwp%2Fv2%2Fcomments&post=311"}],"version-history":[{"count":5,"href":"https:\/\/lyceerochefortmontagne.fr\/index.php?rest_route=\/wp\/v2\/pages\/311\/revisions"}],"predecessor-version":[{"id":558,"href":"https:\/\/lyceerochefortmontagne.fr\/index.php?rest_route=\/wp\/v2\/pages\/311\/revisions\/558"}],"wp:attachment":[{"href":"https:\/\/lyceerochefortmontagne.fr\/index.php?rest_route=%2Fwp%2Fv2%2Fmedia&parent=311"}],"curies":[{"name":"wp","href":"https:\/\/api.w.org\/{rel}","templated":true}]}}

<p>L&rsquo;exploitation du lycée agricole de Rochefort-Montagne possède 250 brebis de race Rava (race locale du massif central).  Elle commercialise les agneaux en bio. </p>



<p>Cet atelier joue un rôle écologique essentiel. En effet, depuis maintenant 6 ans, grâce au partenariat avec le Parc Naturel Régional des Volcans d&rsquo;Auvergne, nos brebis pâturent les volcans de la chaîne des Puys. Le but ? Ouvrir les milieux, entretenir les espaces mais aussi préparer le terrain pour d&rsquo;autres agriculteurs qui voudraient y pâturer. </p>



<figure class="wp-block-image size-large"><img loading="lazy" decoding="async" width="1024" height="576" src="https://lyceerochefortmontagne.fr/wp-content/uploads/2022/08/brebis-1024x576.jpg" alt="" class="wp-image-443" srcset="https://lyceerochefortmontagne.fr/wp-content/uploads/2022/08/brebis-1024x576.jpg 1024w, https://lyceerochefortmontagne.fr/wp-content/uploads/2022/08/brebis-300x169.jpg 300w, https://lyceerochefortmontagne.fr/wp-content/uploads/2022/08/brebis-768x432.jpg 768w, https://lyceerochefortmontagne.fr/wp-content/uploads/2022/08/brebis-1536x864.jpg 1536w, https://lyceerochefortmontagne.fr/wp-content/uploads/2022/08/brebis.jpg 1920w" sizes="auto, (max-width: 767px) 89vw, (max-width: 1000px) 54vw, (max-width: 1071px) 543px, 580px" /></figure>



<figure class="wp-block-image size-large"><img loading="lazy" decoding="async" width="1024" height="683" src="https://lyceerochefortmontagne.fr/wp-content/uploads/2023/06/2021-03-18-Identite-Biodiv-Expe-02-l-1024x683.jpg" alt="" class="wp-image-557" srcset="https://lyceerochefortmontagne.fr/wp-content/uploads/2023/06/2021-03-18-Identite-Biodiv-Expe-02-l-1024x683.jpg 1024w, https://lyceerochefortmontagne.fr/wp-content/uploads/2023/06/2021-03-18-Identite-Biodiv-Expe-02-l-300x200.jpg 300w, https://lyceerochefortmontagne.fr/wp-content/uploads/2023/06/2021-03-18-Identite-Biodiv-Expe-02-l-768x512.jpg 768w, https://lyceerochefortmontagne.fr/wp-content/uploads/2023/06/2021-03-18-Identite-Biodiv-Expe-02-l-1536x1024.jpg 1536w, https://lyceerochefortmontagne.fr/wp-content/uploads/2023/06/2021-03-18-Identite-Biodiv-Expe-02-l-2048x1365.jpg 2048w" sizes="auto, (max-width: 767px) 89vw, (max-width: 1000px) 54vw, (max-width: 1071px) 543px, 580px" /></figure>

<p>L&rsquo;exploitation du lycée agricole de Rochefort-Montagne possède 250 brebis de race Rava (race locale du massif central). Elle commercialise les agneaux en bio. Cet atelier joue un rôle écologique essentiel. En effet, depuis maintenant 6 ans, grâce au partenariat avec le Parc Naturel Régional des Volcans d&rsquo;Auvergne, nos brebis pâturent les volcans de la chaîne &hellip; </p>
<p class="link-more"><a href="https://lyceerochefortmontagne.fr/?page_id=311" class="more-link">Continuer la lecture<span class="screen-reader-text"> de &laquo;&nbsp;L&rsquo;atelier ovin viande&nbsp;&raquo;</span></a></p>
