{"id":184,"date":"2021-07-07T10:50:29","date_gmt":"2021-07-07T08:50:29","guid":{"rendered":"http:\/\/btztebl.cluster030.hosting.ovh.net\/?page_id=184"},"modified":"2025-07-01T10:39:52","modified_gmt":"2025-07-01T08:39:52","slug":"la-restauration","status":"publish","type":"page","link":"https:\/\/lyceerochefortmontagne.fr\/?page_id=184","title":{"rendered":"La restauration"},"content":{"rendered":"\n<h2 class=\"wp-block-heading has-text-align-center\"><strong>Depuis Mars 2021, le lyc\u00e9e agricole de Rochefort-Montagne poss\u00e8de une cantine neuve ! <\/strong><\/h2>\n\n\n\n<p class=\"has-text-align-center\"><em>Nous sommes sensibles aux enjeux environnement c&rsquo;est pourquoi nous essayons de r\u00e9duire les d\u00e9chets et le gaspillage alimentaire au sein de notre cantine en r\u00e9alisant le maximum de pr\u00e9parations maison \u00e0 partir de produits locaux et bio voir m\u00eame de produits de l&rsquo;exploitation du lyc\u00e9e selon les productions ! <\/em><\/p>\n\n\n\n<p><\/p>\n\n\n\n<p><strong><span class=\"has-inline-color has-vivid-cyan-blue-color\">Horaires : <\/span><\/strong> <\/p>\n\n\n\n<p>Le service est accessible de :<\/p>\n\n\n\n<ul class=\"wp-block-list\">\n<li>7h \u00e0 7h50<\/li>\n\n\n\n<li>11h30 \u00e0 13h <\/li>\n\n\n\n<li>18h45 \u00e0 19h25<\/li>\n<\/ul>\n\n\n\n<p><\/p>\n\n\n\n<figure class=\"wp-block-image size-large\"><img loading=\"lazy\" decoding=\"async\" width=\"1024\" height=\"768\" src=\"https:\/\/lyceerochefortmontagne.fr\/wp-content\/uploads\/2022\/08\/image-1-1024x768.png\" alt=\"\" class=\"wp-image-460\" srcset=\"https:\/\/lyceerochefortmontagne.fr\/wp-content\/uploads\/2022\/08\/image-1-1024x768.png 1024w, https:\/\/lyceerochefortmontagne.fr\/wp-content\/uploads\/2022\/08\/image-1-300x225.png 300w, https:\/\/lyceerochefortmontagne.fr\/wp-content\/uploads\/2022\/08\/image-1-768x576.png 768w, https:\/\/lyceerochefortmontagne.fr\/wp-content\/uploads\/2022\/08\/image-1-1536x1152.png 1536w, https:\/\/lyceerochefortmontagne.fr\/wp-content\/uploads\/2022\/08\/image-1-2048x1536.png 2048w\" sizes=\"auto, (max-width: 767px) 89vw, (max-width: 1000px) 54vw, (max-width: 1071px) 543px, 580px\" \/><\/figure>\n","protected":false},"excerpt":{"rendered":"<p>Depuis Mars 2021, le lyc\u00e9e agricole de Rochefort-Montagne poss\u00e8de une cantine neuve ! Nous sommes sensibles aux enjeux environnement c&rsquo;est pourquoi nous essayons de r\u00e9duire les d\u00e9chets et le gaspillage alimentaire au sein de notre cantine en r\u00e9alisant le maximum de pr\u00e9parations maison \u00e0 partir de produits locaux et bio voir m\u00eame de produits de &hellip; <\/p>\n<p class=\"link-more\"><a href=\"https:\/\/lyceerochefortmontagne.fr\/?page_id=184\" class=\"more-link\">Continuer la lecture<span class=\"screen-reader-text\"> de &laquo;&nbsp;La restauration&nbsp;&raquo;<\/span><\/a><\/p>\n","protected":false},"author":1,"featured_media":0,"parent":0,"menu_order":0,"comment_status":"closed","ping_status":"closed","template":"","meta":{"footnotes":""},"class_list":["post-184","page","type-page","status-publish","hentry"],"_links":{"self":[{"href":"https:\/\/lyceerochefortmontagne.fr\/index.php?rest_route=\/wp\/v2\/pages\/184","targetHints":{"allow":["GET"]}}],"collection":[{"href":"https:\/\/lyceerochefortmontagne.fr\/index.php?rest_route=\/wp\/v2\/pages"}],"about":[{"href":"https:\/\/lyceerochefortmontagne.fr\/index.php?rest_route=\/wp\/v2\/types\/page"}],"author":[{"embeddable":true,"href":"https:\/\/lyceerochefortmontagne.fr\/index.php?rest_route=\/wp\/v2\/users\/1"}],"replies":[{"embeddable":true,"href":"https:\/\/lyceerochefortmontagne.fr\/index.php?rest_route=%2Fwp%2Fv2%2Fcomments&post=184"}],"version-history":[{"count":9,"href":"https:\/\/lyceerochefortmontagne.fr\/index.php?rest_route=\/wp\/v2\/pages\/184\/revisions"}],"predecessor-version":[{"id":1063,"href":"https:\/\/lyceerochefortmontagne.fr\/index.php?rest_route=\/wp\/v2\/pages\/184\/revisions\/1063"}],"wp:attachment":[{"href":"https:\/\/lyceerochefortmontagne.fr\/index.php?rest_route=%2Fwp%2Fv2%2Fmedia&parent=184"}],"curies":[{"name":"wp","href":"https:\/\/api.w.org\/{rel}","templated":true}]}}

<h2 class="wp-block-heading has-text-align-center"><strong>Depuis Mars 2021, le lycée agricole de Rochefort-Montagne possède une cantine neuve ! </strong></h2>



<p class="has-text-align-center"><em>Nous sommes sensibles aux enjeux environnement c&rsquo;est pourquoi nous essayons de réduire les déchets et le gaspillage alimentaire au sein de notre cantine en réalisant le maximum de préparations maison à partir de produits locaux et bio voir même de produits de l&rsquo;exploitation du lycée selon les productions ! </em></p>



<p></p>



<p><strong><span class="has-inline-color has-vivid-cyan-blue-color">Horaires : </span></strong> </p>



<p>Le service est accessible de :</p>



<ul class="wp-block-list">
<li>7h à 7h50</li>



<li>11h30 à 13h </li>



<li>18h45 à 19h25</li>
</ul>



<p></p>



<figure class="wp-block-image size-large"><img loading="lazy" decoding="async" width="1024" height="768" src="https://lyceerochefortmontagne.fr/wp-content/uploads/2022/08/image-1-1024x768.png" alt="" class="wp-image-460" srcset="https://lyceerochefortmontagne.fr/wp-content/uploads/2022/08/image-1-1024x768.png 1024w, https://lyceerochefortmontagne.fr/wp-content/uploads/2022/08/image-1-300x225.png 300w, https://lyceerochefortmontagne.fr/wp-content/uploads/2022/08/image-1-768x576.png 768w, https://lyceerochefortmontagne.fr/wp-content/uploads/2022/08/image-1-1536x1152.png 1536w, https://lyceerochefortmontagne.fr/wp-content/uploads/2022/08/image-1-2048x1536.png 2048w" sizes="auto, (max-width: 767px) 89vw, (max-width: 1000px) 54vw, (max-width: 1071px) 543px, 580px" /></figure>

<p>Depuis Mars 2021, le lycée agricole de Rochefort-Montagne possède une cantine neuve ! Nous sommes sensibles aux enjeux environnement c&rsquo;est pourquoi nous essayons de réduire les déchets et le gaspillage alimentaire au sein de notre cantine en réalisant le maximum de préparations maison à partir de produits locaux et bio voir même de produits de &hellip; </p>
<p class="link-more"><a href="https://lyceerochefortmontagne.fr/?page_id=184" class="more-link">Continuer la lecture<span class="screen-reader-text"> de &laquo;&nbsp;La restauration&nbsp;&raquo;</span></a></p>
