{"id":163,"date":"2021-07-07T10:27:05","date_gmt":"2021-07-07T08:27:05","guid":{"rendered":"http:\/\/btztebl.cluster030.hosting.ovh.net\/?page_id=163"},"modified":"2021-07-09T11:12:05","modified_gmt":"2021-07-09T09:12:05","slug":"une-journee-au-lycee","status":"publish","type":"page","link":"https:\/\/lyceerochefortmontagne.fr\/?page_id=163","title":{"rendered":"Une journ\u00e9e au lyc\u00e9e"},"content":{"rendered":"\n<h1 class=\"wp-block-heading\"><\/h1>\n\n\n\n<p>7h &#8211; 7h25  &#8211; Sortie de l&rsquo;internat<\/p>\n\n\n\n<p>7h15-7h50 &#8211; Petit d\u00e9jeuner au self<\/p>\n\n\n\n<p>14&nbsp;h&nbsp;30 &#8211;  \u00c9l\u00e9ment du calendrier<\/p>\n\n\n\n<p>8h-12h &#8211; Cours du matin avec pause de 9h50 \u00e0 10h<\/p>\n\n\n\n<p>11h30-13h30  &#8211; Pause d\u00e9jeuner<\/p>\n\n\n\n<p>13h30-17h &#8211;  Cours de l&rsquo;apr\u00e8s-midi avec une pause de 1h50 \u00e0 16h<\/p>\n\n\n\n<p>17h-17h25  &#8211; Temps libre<\/p>\n\n\n\n<p>17h30- 18h30 &#8211; Activit\u00e9s ou temps d&rsquo;\u00e9tudes en salle<\/p>\n\n\n\n<p>18h45-19h25  &#8211; Repas au self et temps libre<\/p>\n\n\n\n<p>19h25-20h30 &#8211; Etude obligatoire en salle ou \u00e0 l&rsquo;internat <\/p>\n\n\n\n<p>20h30-21h &#8211; Remont\u00e9e \u00e0 l&rsquo;internat ou temps libre au foyer ou \u00e0 l&rsquo;ext\u00e9rieur<\/p>\n\n\n\n<p>21h &#8211; Remont\u00e9e \u00e0 l&rsquo;internat pour tous les \u00e9l\u00e8ves<\/p>\n\n\n\n<p>21h50 &#8211;  Retour au calme dans les chambres<\/p>\n\n\n\n<p>22h Extinction des lumi\u00e8res<\/p>\n","protected":false},"excerpt":{"rendered":"<p>7h &#8211; 7h25 &#8211; Sortie de l&rsquo;internat 7h15-7h50 &#8211; Petit d\u00e9jeuner au self 14&nbsp;h&nbsp;30 &#8211; \u00c9l\u00e9ment du calendrier 8h-12h &#8211; Cours du matin avec pause de 9h50 \u00e0 10h 11h30-13h30 &#8211; Pause d\u00e9jeuner 13h30-17h &#8211; Cours de l&rsquo;apr\u00e8s-midi avec une pause de 1h50 \u00e0 16h 17h-17h25 &#8211; Temps libre 17h30- 18h30 &#8211; Activit\u00e9s ou temps &hellip; <\/p>\n<p class=\"link-more\"><a href=\"https:\/\/lyceerochefortmontagne.fr\/?page_id=163\" class=\"more-link\">Continuer la lecture<span class=\"screen-reader-text\"> de &laquo;&nbsp;Une journ\u00e9e au lyc\u00e9e&nbsp;&raquo;<\/span><\/a><\/p>\n","protected":false},"author":1,"featured_media":0,"parent":0,"menu_order":0,"comment_status":"closed","ping_status":"closed","template":"","meta":{"footnotes":""},"class_list":["post-163","page","type-page","status-publish","hentry"],"_links":{"self":[{"href":"https:\/\/lyceerochefortmontagne.fr\/index.php?rest_route=\/wp\/v2\/pages\/163","targetHints":{"allow":["GET"]}}],"collection":[{"href":"https:\/\/lyceerochefortmontagne.fr\/index.php?rest_route=\/wp\/v2\/pages"}],"about":[{"href":"https:\/\/lyceerochefortmontagne.fr\/index.php?rest_route=\/wp\/v2\/types\/page"}],"author":[{"embeddable":true,"href":"https:\/\/lyceerochefortmontagne.fr\/index.php?rest_route=\/wp\/v2\/users\/1"}],"replies":[{"embeddable":true,"href":"https:\/\/lyceerochefortmontagne.fr\/index.php?rest_route=%2Fwp%2Fv2%2Fcomments&post=163"}],"version-history":[{"count":4,"href":"https:\/\/lyceerochefortmontagne.fr\/index.php?rest_route=\/wp\/v2\/pages\/163\/revisions"}],"predecessor-version":[{"id":297,"href":"https:\/\/lyceerochefortmontagne.fr\/index.php?rest_route=\/wp\/v2\/pages\/163\/revisions\/297"}],"wp:attachment":[{"href":"https:\/\/lyceerochefortmontagne.fr\/index.php?rest_route=%2Fwp%2Fv2%2Fmedia&parent=163"}],"curies":[{"name":"wp","href":"https:\/\/api.w.org\/{rel}","templated":true}]}}

Une journée au lycée

<h1 class="wp-block-heading"></h1>



<p>7h &#8211; 7h25  &#8211; Sortie de l&rsquo;internat</p>



<p>7h15-7h50 &#8211; Petit déjeuner au self</p>



<p>14&nbsp;h&nbsp;30 &#8211;  Élément du calendrier</p>



<p>8h-12h &#8211; Cours du matin avec pause de 9h50 à 10h</p>



<p>11h30-13h30  &#8211; Pause déjeuner</p>



<p>13h30-17h &#8211;  Cours de l&rsquo;après-midi avec une pause de 1h50 à 16h</p>



<p>17h-17h25  &#8211; Temps libre</p>



<p>17h30- 18h30 &#8211; Activités ou temps d&rsquo;études en salle</p>



<p>18h45-19h25  &#8211; Repas au self et temps libre</p>



<p>19h25-20h30 &#8211; Etude obligatoire en salle ou à l&rsquo;internat </p>



<p>20h30-21h &#8211; Remontée à l&rsquo;internat ou temps libre au foyer ou à l&rsquo;extérieur</p>



<p>21h &#8211; Remontée à l&rsquo;internat pour tous les élèves</p>



<p>21h50 &#8211;  Retour au calme dans les chambres</p>



<p>22h Extinction des lumières</p>

<p>7h &#8211; 7h25 &#8211; Sortie de l&rsquo;internat 7h15-7h50 &#8211; Petit déjeuner au self 14&nbsp;h&nbsp;30 &#8211; Élément du calendrier 8h-12h &#8211; Cours du matin avec pause de 9h50 à 10h 11h30-13h30 &#8211; Pause déjeuner 13h30-17h &#8211; Cours de l&rsquo;après-midi avec une pause de 1h50 à 16h 17h-17h25 &#8211; Temps libre 17h30- 18h30 &#8211; Activités ou temps &hellip; </p>
<p class="link-more"><a href="https://lyceerochefortmontagne.fr/?page_id=163" class="more-link">Continuer la lecture<span class="screen-reader-text"> de &laquo;&nbsp;Une journée au lycée&nbsp;&raquo;</span></a></p>
